 Let f(m) = m**2 - 8*m + 6. Calculate f(q).
-6
Let j(h) = h**2 - 7*h - 13. Let f(w) = -6*w - 22. Let t be f(4). Let d = -37 - t. What is j(d)?
5
Let y(c) = -52*c**2 - c - 1. Let k(f) = -103*f**2 - 3*f - 3. Let b(l) = 2*k(l) - 5*y(l). Calculate b(-1).
54
Let v(p) = -8*p**3 - 11*p**2 + p - 3. Let u(r) = 3*r**3 + 4*r**2 + 1. Let y(o) = -5*u(o) - 2*v(o). Calculate y(1).
2
Suppose -51*v - 240 = 9*v. Let x(l) = 2*l**2 + 12*l + 14. What is x(v)?
-2
Let o(n) = 8*n**2 - n + 1. Let u(z) = -49*z**2 + 12*z - 10. Let m(h) = -6*o(h) - u(h). Suppose 0 = 4*p + p + c - 30, c = 4*p - 15. Determine m(p).
-1
Let w(o) = o**3 - 3 - 2*o**2 - 2*o**2 + 2*o - 1 - 2*o**3. Suppose 2*z - 4 - 8 = 0. Suppose z*q = 2*q - 16. Calculate w(q).
-12
Let z(h) = -h**3 + 15*h**2 - 12*h - 49. Let b be z(14). Let w(x) = -x - 27. Give w(b).
-6
Let f(m) = -2*m - 3. Suppose 7*z - 9*z - 13 = w, -z - 4*w - 24 = 0. Calculate f(z).
5
Let r(o) = -5 + 5 - 3*o. Let b be (0 - -4)/(-4 + -5 - -7). Determine r(b).
6
Let q(b) be the first derivative of b**2 - 12*b - 116. Determine q(6).
0
Let k(n) = -n**2 - n - 15. Let j be (15 - 15)/(1 - (0 - -2)). Calculate k(j).
-15
Let r(n) = -8*n - 103. Let h(q) = -q - 11. Let b(c) = 9*h(c) - r(c). Suppose 0 = -2*f + 5*f - 27. What is b(f)?
-5
Let s(p) = -p**2 - 7*p + 6. Suppose 3 = 6*c + 45. Give s(c).
6
Let m(g) = g**2 + 3*g - 7. Let z be m(3). Let b(p) = 5*p - 9. What is b(z)?
46
Let z(k) = 4*k**2 - 10*k - 7. Let t(i) = 3*i**2 - 9*i - 6. Let s(y) = 5*t(y) - 4*z(y). Determine s(-7).
-16
Suppose 6*h + 33 = -21. Let w be -26*(h/6)/3. Let g(b) = b**2 - b**2 - b**3 + w - 3*b**2 + 3*b - 12. Determine g(-2).
-9
Suppose -10*x + 45 = -x. Let n(b) = -3 + 9*b - x*b**2 - 3*b + 4*b**2 + 0. What is n(5)?
2
Let g(b) = -b + 9. Suppose -3*v - 5*i + 25 = 0, 0*i = -5*v - 5*i + 25. Let k be v/(15/(-12) + 6/(-8)). Give g(k).
9
Let w(r) = 0 - 5 - 2 - 5*r**3 + 6*r**3 + 3*r - 3*r**2. Let q(j) = j**3 + j**2 - j. Let b(u) = 2*q(u) - w(u). Calculate b(-6).
1
Let n(c) = -c - 5. Suppose 5*k + 304 = 10*k - o, 3*k - 2*o - 181 = 0. Let q = 69 - k. What is n(q)?
-13
Suppose 5*o = -2*y - 0*y + 26, 3*y - 3*o = -3. Suppose s = -2, 19 = -3*p + s - y*s. Let m = 10 + p. Let q(g) = 3*g - 4. Determine q(m).
11
Let b be ((-2)/(-6))/((-3)/(-9)). Suppose 5 - b = -2*i. Let s(n) = n**2 - n + n**3 + 2 + n. Give s(i).
-2
Let r(n) = n**3 - 4*n**2 - 9*n + 12. Let q = 1 - -4. Let f be (-22)/55 + 27/q. Let o be r(f). Let i(y) = y**2 + 9*y + 3. What is i(o)?
-5
Suppose -4*a - 18 = 5*v, 5*a - 4*v = -v - 4. Let h(l) be the first derivative of 0*l**3 - 1 + 1/4*l**4 - 1/2*l**2 - 2*l. What is h(a)?
-8
Let v(p) = p. Let l(a) = -a + 2. Let i(w) = l(w) - v(w). What is i(-5)?
12
Suppose -3*t = -5*t - 2*o - 6, o = 5. Let y(v) be the third derivative of v**5/60 + v**4/3 - 7*v**3/6 - 17*v**2. Calculate y(t).
-7
Suppose 3*x - 22 = -199. Let o = x + 63. Let q(i) = 2*i. Let z(d) = -9*d. Let j(c) = -26*q(c) - 6*z(c). Determine j(o).
8
Let t(c) = 4*c**2 + 7*c - 4. Let i(v) = 7*v**2 + 14*v - 9. Let u(d) = -3*i(d) + 5*t(d). Let n be u(-7). Let q = -9 + n. Let g(s) = -s - 4. Determine g(q).
-2
Suppose 27*t - 22*t = -10, 4*i - 4*t = -24. Let z(a) = a + 5. What is z(i)?
-3
Let p = 27 + -23. Let v(l) = 0*l - 3 + 2*l + 6*l - 7*l. What is v(p)?
1
Suppose 2*y + 4*i - 13 = 1, -2*y + 3*i + 21 = 0. Let m(q) = 2*q**2 + 1 + q**2 - 4*q**2. Let x(j) = 4*j**2 - j - 4. Let b(s) = y*m(s) + 2*x(s). Calculate b(-5).
-14
Let q(f) = -f**2 + f - 1. Let u(i) be the third derivative of -i**5/12 + i**4/4 - i**3 - 10*i**2. Let v(s) = -3*q(s) + u(s). Determine v(2).
-5
Let j(r) = 1626 + r**3 + 1622 - 7*r + 4*r**2 - 3249. Suppose 2*m + 20 = 5*b, 5*m + b + 11 + 12 = 0. Determine j(m).
9
Let l be (-172)/(-6)*(-18)/(-12). Let o = -39 + l. Let p(u) = -u**2 + 4*u. What is p(o)?
0
Suppose 4*i + 2*f - 130 = 0, 4*i - 121 = -0*f + f. Let s(u) = i + 30 - 2*u - 61. Give s(-2).
4
Let k = -11 - -6. Let i(z) = 15*z - 7. Let f(a) = -27*a + 14. Let g(d) = -6*f(d) - 11*i(d). What is g(k)?
8
Let j(m) = -2*m**2 + 2*m + 1. Suppose -4*p - y + 3 = 0, 0 = -3*p + p - 2*y - 6. Determine j(p).
-3
Suppose 8 - 4 = -4*z - 2*n, 0 = 5*z - n - 2. Let y(c) = -c**3 - 4*c + c + 3 - 4*c**2 + z*c**2. Suppose -2*r - 6 = 0, 7*q - 5*r = 2*q. Give y(q).
3
Let t(a) be the second derivative of a**5/20 - a**4/12 + a**3/6 + 7*a**2/2 - 2*a. Let g = -54 + 84. Let b = g - 30. Determine t(b).
7
Suppose -4*q + i = -2*q - 2, 2*q + 18 = -4*i. Let o = 3 - q. Let h(g) = g**2 - 3*g - 1. Determine h(o).
3
Let c(d) be the third derivative of -d**4/8 + 20*d**3/3 - 2*d**2 + 37. Calculate c(13).
1
Let a(f) be the second derivative of f**5/20 - f**4/12 + f**3/6 - f**2/2 + f. Suppose 86 = -144*r + 145*r. Suppose 80 - r = -6*i. Determine a(i).
0
Let w(i) = i**2 - 2. Let g = 4 - 1. Suppose 5*m - x + 2 = -g, 0 = 5*m - 3*x + 15. Suppose 2*q + 0 - 4 = -2*r, m = 3*q. Give w(r).
2
Let c(y) = y**3 + y**2 - 8*y + 5. Let f be c(2). Let i(v) = -8*v**2 - 4*v + 2. Calculate i(f).
-10
Let n(h) be the first derivative of h**2/2 + 21*h + 9. What is n(-15)?
6
Let r(c) = -c**2 + 4*c - 2. Suppose -3*s = 2*u + 6, -4*u + 5 = -u + s. Let f be 1/(u - 8/3). Let b be (1/f)/(5/45). Determine r(b).
1
Let d(s) = -s**2 + 5*s + 1. Let q be d(4). Let j(b) = 4*b + 5 - q + 1. Let v(n) = -2*n**2 + 11*n - 3. Let f be v(5). Give j(f).
9
Let l(b) = 3 - 381*b**3 - 2*b + 8 + 10*b**2 + 380*b**3. Determine l(10).
-9
Let t(p) = p + 2. Let s = 10 + -9. Let c be (s*-1)/((-14)/294). Let w = c + -24. Give t(w).
-1
Let v(u) = 6*u - 2*u - 2*u**2 + 0*u**2. Suppose 17*q - 13*q = -80. Let a = q - -23. Determine v(a).
-6
Let b(o) = 33*o - 8. Let p(s) = 8*s - 2. Let c(w) = -b(w) + 4*p(w). Give c(6).
-6
Let o(w) = 12*w + 24. Let h(y) = 3*y + 2. Let f(u) = -3*h(u) + o(u). Give f(-7).
-3
Let p(i) = i + 9. Let b = -119 - -113. Let l(r) = -11 - 10 - 2*r + 5. Let u be l(b). Give p(u).
5
Let k = 9 - 5. Suppose -g = 2*g - 21. Let i = k - g. Let r(t) = -2*t - 2. Give r(i).
4
Let d(h) = -2*h + 4. Let z(p) = -6*p + 13. Let r(q) = -7*d(q) + 2*z(q). Let i be (-28)/(-8)*12/(-21). Let t be i + (1 - 1)/(-2). Calculate r(t).
-6
Let p(c) be the second derivative of 0 + c - c**3 - 7/2*c**2 - 1/12*c**4. Give p(-6).
-7
Let k(f) = 1 - 4 - f + 2. Let x be k(-2). Let g be (-24)/((-4)/x) - 4. Let l(n) = -n**3 - 3*n + 3. Determine l(g).
-11
Let b(x) = 2*x - 3. Let a(w) = 2*w. Let y(n) = 17*n - 9. Let i(q) = -6*a(q) + y(q). Let u = 6 - -2. Let o(r) = u*b(r) - 3*i(r). What is o(-7)?
-4
Let l(y) = -y**2 - y + 1. Let z = 64 + -19. Suppose -3*r + z = 18. Let k be (3/r)/((-3)/(-9)). Calculate l(k).
-1
Suppose -5*s + s = 8. Let n(a) = 3*a + 7. Let h(j) = -j**2 - 5*j - 2. Let k be h(-3). Let g(q) = 6*q + 13. Let r(d) = k*g(d) - 7*n(d). Give r(s).
-3
Let f(y) be the first derivative of 3*y**2/2 + 4*y - 15. Determine f(-6).
-14
Let o(u) be the first derivative of u**3/3 + u**2 - 82*u + 64. Calculate o(8).
-2
Let g(y) = -y**3 - 7*y**2 + 8*y + 8. Let a be 2/(-4)*(-24 + 40). Determine g(a).
8
Let p(b) = -2 + 3 + 1 - 1. Let v(f) = -3*f - 8. Let c(u) = 4*p(u) + v(u). What is c(-6)?
14
Let l(u) = -u**2 - 16*u + 104. Let g be l(-21). Let x(m) = -2 - 3 + 4 + 12*m - m. Give x(g).
-12
Let l be ((-3)/2)/(1/(-6)*3). Let y(r) = -r**2 + 6*r**2 - 4 - 4*r**2 - l*r + 2*r. Determine y(-3).
8
Let y(o) be the second derivative of o**6/120 + 2*o**5/15 + o**4/4 + 5*o**3/3 - 19*o**2 - 36*o. Let l(i) be the first derivative of y(i). Calculate l(-7).
17
Let t(y) = 11*y**3 - 6 - 12*y**3 + 9 + y - 5*y**2 + 3*y. Determine t(-6).
15
Let b(x) = 6*x + 2. Let c = -238 - -240. Calculate b(c).
14
Let v(t) = t**3 + 7*t**2 + t - 5. Suppose -3*z + 4*o - 34 = 0, 15*z + 32 = 11*z + 2*o. Give v(z).
25
Let s(n) be the first derivative of n**3/6 + 2*n - 10. Let v(b) be the first derivative of s(b). Suppose -4*c - 4 + 24 = 0. What is v(c)?
5
Let j be -1*1/(-1)*1. Let z(r) = -r**2 + 3*r + 6. Let b be z(4). Let i(k) = 238*k**2 - 1 + 2*k - 239*k**2 - b*k**3 - 5*k**3. Calculate i(j).
-7
Let b(d) = -d**2 - 6*d - 7. Let j be b(-3). Let k be 1 + -4 + (j - 0). Let w(n) be the third derivative of n**4/3 - n**2. Calculate w(k).
-8
Let v(g) = -g - 1. Let w be v(-6). Let o(m) = -w*m + 4*m - 3*m + 0*m. Determine o(-1).
4
Let v be (-1)/3 - 10/(-3). Let c(j) = -j. Let f(y) = -y - 1. Let l(b) = v*c(b) - 2*f(b). Let o(h) = -h**2 + 24*h - 28. Let g be o(23). 